e x(n).
-4
Let v be 1 - (1 + 0) - 1. Let h be -3 + (-2 - (v + 0)). Let u(i) = -i**2 - 3*i + 4. Calculate u(h).
0
Suppose -4 + 5 = -f. Let h(g) be the third derivative of -g**5/15 - g**3/6 + 13*g**2 + 2*g. Give h(f).
-5
Let t(d) = -d**3 + 3*d**2 + 3*d - 6. Let s be (16/(-10))/((-8)/20). Give t(s).
-10
Let b(c) = c**2 + 2*c - 2. Let k be (-9)/(-18) - 7/2. Calculate b(k).
1
Let k(h) be the third derivative of -1/6*h**3 + 0 + 1/8*h**4 + 0*h + 2*h**2 + 1/60*h**5. Suppose -3*t - 19 = -7. Determine k(t).
3
Let v(y) = y**3 + y - 1. Let s(z) = -5*z**3 - 3*z**2 - 5*z + 8. Let n(d) = -s(d) - 6*v(d). Let q = 8 + -5. Calculate n(q).
-5
Let v(x) = -7*x**2 - 3*x - 3. Let p(b) = -4*b**2 - 2*b - 2. Let a(k) = -5*p(k) + 3*v(k). Calculate a(-1).
-1
Suppose 13 = 4*i - 19. Let r(a) be the first derivative of -i*a - 1/2*a**2 + 1. Determine r(-4).
-4
Let j(c) = c**2 + 5*c + 2. Let m(b) = -b**2 - 8*b + 13. Let v be m(-10). Let f = v - -1. Let u be (12/10)/(f/15). Determine j(u).
-4
Let n(u) = u**2 - 5*u - 2. Let m be n(6). Suppose -m*t + 14 = c, 5*c + 9 = 2*t - 9. Let o(l) = -l - 1. What is o(c)?
1
Let r(o) be the first derivative of 2*o**3/3 - 3*o**2/2 + 2*o + 37. Determine r(2).
4
Suppose -4*y = 2*v - 10, 3*v - 35 = -5*y + 5*v. Let w(g) = g**3 - 3*g**2 - 6*g - 6. Determine w(y).
14
Let h(l) = -l**3 - 3*l**2 - 2*l + 3. Let v(j) = -j**3 - 3*j**2 - j + 3. Let i(g) = -3*h(g) + 4*v(g). Determine i(-3).
-3
Let n(g) be the first derivative of 9*g**4/4 + 2*g**3 - 4*g**2 + 6*g + 4. Let o(s) = 8*s**3 + 5*s**2 - 7*s + 5. Let h(i) = 6*n(i) - 7*o(i). Give h(-1).
3
Suppose 6 = v + 2*v. Let o(s) = -8*s**2 + 14*s**2 - 3*s - 8*s**2 + 2. Give o(v).
-12
Suppose 0 = -3*j - 5*g + 25, 4*g + 18 = 4*j + 3*g. Let i(p) = -p**3 + 5*p**2 - 6. Determine i(j).
-6
Suppose 35*t - 28*t = 14. Let g(f) be the first derivative of 1/2*f**t + 2 + 10*f. Determine g(-5).
5
Let d(n) be the third derivative of n**5/60 - 7*n**4/24 + 4*n**3/3 - 3*n**2. Let j be d(6). Let o(a) = a**2 + a. Calculate o(j).
6
Let v(r) = 0*r + 1 + 2*r**2 + r - r**2. Suppose -2*l = 2*l - 12. Determine v(l).
13
Let h(c) = -c**2 - 352 - 353 + c + c**3 + 694. Suppose -d = 3*d. Give h(d).
-11
Let o(u) = -6*u + 4. Let b(p) = 7*p - 5. Let d(h) = -5*b(h) - 6*o(h). Determine d(0).
1
Let b(f) = -3 + 3 + 7 - f**3. Suppose 0 = -2*y - 3*y. Give b(y).
7
Let r(m) = 3*m**2 + 2*m - 2*m**2 + 2*m**3 + m**2 - 4*m. Calculate r(-2).
-4
Let s be 12/(-10)*(6 + -1). Let j(k) be the first derivative of k**3/3 + 7*k**2/2 - 2*k + 76. Give j(s).
-8
Let s(c) = 5*c + 1. Let u = -4 + 6. Suppose u - 11 = 3*b. Calculate s(b).
-14
Let z(y) = 6*y - 5. Let o(l) = 3*l - 3. Let p(h) = 5*o(h) - 3*z(h). Determine p(2).
-6
Let b(h) = h**3 - 9*h**2 + h - 7. Let q be b(9). Let o(r) = -3*r**2 - r + 4*r**2 + q*r**2. Give o(1).
2
Suppose -6*o - 2 = -5*o. Let l(s) be the first derivative of -3*s**2/2 - 2*s - 1. Give l(o).
4
Let o(a) = -3*a. Suppose 5*m - 12 = 3*k, 0 = -2*k - k - 4*m - 12. Let b(n) = n - 1. Let z(x) = k*b(x) - o(x). Determine z(3).
1
Let k(v) = 2*v**2 - v. Let n(w) = w - 3 - 2 - 2*w. Suppose 0 = -4*q + x - 0*x - 16, -2*q - 8 = 3*x. Let p be n(q). What is k(p)?
3
Let m(r) = 1 - 2*r - 5 + 8 + 7*r. What is m(-3)?
-11
Let r(w) be the third derivative of -w**8/20160 + w**7/1680 - w**6/144 - w**5/30 + 4*w**2. Let q(a) be the third derivative of r(a). Determine q(4).
-9
Let n(r) = -56*r**3 + 53*r**3 - 5 - r**2 + 5 + r. Determine n(1).
-3
Let p(w) = 1 + 5*w**2 - 2 - 3 + w**3 + 4*w - w. Determine p(-4).
0
Let y(l) = l**2 + 14*l + 3. Let g be y(-14). Suppose -u = g*u. Let p(j) = j**3 - j**2 + 4. What is p(u)?
4
Let f(z) = 0 + 1 + z - 5. Suppose -4*s - 6 = -98. Suppose -m - s = -4*x - 0*m, 27 = 3*x - 4*m. Give f(x).
1
Suppose 0 = b - 6*b + 10. Suppose 0 = -f + b*f. Let a(y) = -2 + 4*y - 3*y + y**2 + f*y**2. Calculate a(0).
-2
Let u(q) = -q**2 - q + 1. Let s(v) = -2*v**2 + 1 + 2*v - 3*v + 2*v. Let a(z) = -3*z**2 - 8*z + 1. Let n be a(-3). Let h(g) = n*s(g) + 2*u(g). Calculate h(3).
6
Let o be (-1 + 1)/((-6)/3). Let l(q) be the third derivative of 2*q**2 + o*q + 1/8*q**4 + 1/6*q**3 + 0. What is l(-2)?
-5
Let y(v) = -3*v**2 - 4*v - 2. Let x be 16/(-7) + 16/56. Give y(x).
-6
Let l be 6/(3/(-6)*3). Let d(m) = 3*m**3 + 9*m**2 - 10*m + 7. Let x(r) = -2*r**3 - 8*r**2 + 9*r - 6. Let f(j) = l*x(j) - 3*d(j). Determine f(4).
-5
Let r(s) = -11*s**3 + 14*s**2 + 4*s - 15. Let i(d) = -5*d**3 + 7*d**2 + 2*d - 7. Let v(b) = 9*i(b) - 4*r(b). Give v(7).
11
Suppose -2*d - 3*d = -5. Let f be (2 + d)/((-3)/4). Let c(l) = -8. Let g(o) = o + 7. Let r(k) = -2*c(k) - 3*g(k). Calculate r(f).
7
Suppose 2 = k - 5*o + 8, -4 = -4*o. Let j be (k - 1)*9/(-6). Let m(p) = 2*p + 3. Give m(j).
9
Let u(k) be the second derivative of -k**5/20 - k**4/12 + k**2/2 + 2*k. Calculate u(-1).
1
Let f(j) = 3 + 14*j + j**2 + 2*j**2 - 2*j**2 - 7*j. Calculate f(-3).
-9
Let f(i) = 3*i - 1. Let d(j) be the second derivative of -j**5/20 + j**4/3 - j**3/6 - 3*j**2/2 - 2*j. Let z be d(3). Suppose 2*q - 1 - z = 0. What is f(q)?
5
Suppose -4 = -5*u + 6. Suppose -6*w + u*w = -16. Let t(g) = 14*g**2 - 2*g - 3. Let c(x) = -5*x**2 + x + 1. Let z(q) = -17*c(q) - 6*t(q). What is z(w)?
-3
Let o(d) = -d**3 + 5*d**2 + 5*d + 8. Let c be o(6). Suppose 11 = -a - t - 4*t, c*a + 4 = -t. Let h(w) = -1 - 7*w + 7*w - w - 10*w. Calculate h(a).
10
Let v(s) = 5*s - 18. Let a be v(4). Let m(b) = b**3 + b**2 - 2*b + 2. What is m(a)?
10
Let y = -49 + 46. Let d(h) = -h**2 - 6*h - 3. Give d(y).
6
Let g(j) be the third derivative of -j**6/120 + j**5/30 + j**4/8 + j**3/6 - 8*j**2. What is g(3)?
1
Let j(w) be the second derivative of w**4/12 + w**3/2 - w**2/2 - 11*w. Calculate j(-4).
3
Let s = -26 + 21. Let g(z) = 5*z + 5. Give g(s).
-20
Suppose 2 = -2*g + 4*y, 0 = 3*g - 2*y - 2*y - 7. Suppose -5*k = -g*k. Let s(r) = -r**2 - r - 1. Calculate s(k).
-1
Let g be (-2)/((-18)/14 + 1). Suppose 0 = -5*v - g + 27. Let x be v/10*20/(-4). Let f(z) = -3*z - 1. What is f(x)?
5
Let z(q) = -78*q**3 + 6*q**2 + 159*q**3 - 5*q - 82*q**3 - 4. Let l(a) = -4*a**3 + a**2 + 2*a + 1. Let b be l(-1). Calculate z(b).
8
Let i(w) = 8*w + 9. Let j(f) = 2*f. Let y(z) = i(z) - 5*j(z). Calculate y(-8).
25
Let y(u) = -u - 2. Suppose -5*a = q - 4, 2*q = 6*q + 5*a + 14. Give y(q).
4
Let v be 0/(-8) - (-6 - -3). Let y(n) = -n**2 + 6*n + 2. Determine y(v).
11
Let p(z) = 2*z + 2*z - 1 + z. Determine p(1).
4
Let j(i) = -2 - 3*i - 9*i + 5 - 4 - 5*i**2. Let m(r) = -2*r**2 - 4*r. Let d(w) = -3*j(w) + 8*m(w). Give d(3).
6
Let m(l) be the third derivative of -l**4/24 - l**3/3 - 6*l**2. Let i(c) = c + 7. Let a be i(-8). Let q = a - -6. Give m(q).
-7
Let j(o) = -2*o**2 + 4*o + 9. Let c(g) = -3*g**2 + 6*g + 13. Let q(f) = -5*c(f) + 7*j(f). Give q(-2).
6
Let a = 33 + -35. Let z(s) be the second derivative of s - 1/2*s**2 - 1/2*s**3 + 0 - 1/12*s**4. Give z(a).
1
Let p = -16 + 23. Let x(l) = -l**3 + 7*l**2 - l - 1. What is x(p)?
-8
Suppose 4*g = -5*n + g + 8, 2*n - 20 = 3*g. Let z(b) = 2*b + 4 - 12 - b. Determine z(n).
-4
Let z(q) = q**2 - q + 1. Let c(u) = 3*u**2 + 4*u - 3. Let v(f) = -c(f) - 2*z(f). Give v(1).
-6
Let h(s) = -s + 11. Let f(y) = -y + 16. Let p(l) = -5*f(l) + 7*h(l). Let t(c) = -3*c - 7. Let r(m) = 5*p(m) - 3*t(m). Calculate r(4).
2
Let b(r) be the second derivative of 0*r**4 - 1/20*r**5 - 1/6*r**3 + 0*r**2 - 10*r + 0. Determine b(0).
0
Suppose 0 = -2*q + 5*q + 3. Let k be (-2)/((2 - q)/3). Let y(v) = 1 + 5 - 3 + 2*v**2 - v**2 + 3*v. Calculate y(k).
1
Let f(o) = -5*o**3 + o**2 - 3*o. Let h(m) = 4*m**3 - m**2 + 2*m - 1. Let t(b) = b**2 + 7*b - 3. Let i be t(-7). Let z(c) = i*f(c) - 4*h(c). What is z(0)?
4
Let d(q) = q**2 + 7*q - 7. Let m(p) = 8*p**3 + p**2 + 3*p + 2. Let h be m(-1). Calculate d(h).
1
Let b(u) = u**2 - 15. Let w = -11 + 11. Determine b(w).
-15
Let u(z) = 1. Let m(l) = l**2 + 3*l - 10. Let y(d) = -m(d) - 5*u(d). Let s = 30 + -42. Let f be s + 15 + 7*-1. Calculate y(f).
1
Let f(i) = i**2 + 6*i + 5. Let m be f(-4). Let r(x) = -2*x**3 - 15*x**2 - 6. Let t(b) = b**3 + 7*b**2 + 3. Let w(j) = -4*r(j) - 9*t(j). Give w(m).
-3
Let t(q) be the first derivative of q**4/12 + q**3/2 - q**2/2 + q - 1. Let b(s) be the first derivative of t(s). Let m be 1/(-2) + (-15)/6. What is b(m)?
-1
Let a(p) = p**2 + 5*p - 1. Suppose u - 5*b = -21 - 4, 5*u + 5*b = -5. Determine a(u).
-1
Suppose 4*v